 7. What is the remainder when d(-6) is divided by v?
15
Let q = -44 + 72. What is the remainder when q is divided by 5?
3
Let n = 31 + 2. Let l be 0 - 1 - (-2 - 40). Suppose 0 = 6*z + l - 113. What is the remainder when n is divided by z?
9
Let g = 14 - 21. Let p(o) = -o**2 - 7*o + 3. Let b be p(g). Let c = 19 - b. Calculate the remainder when 47 is divided by c.
15
Let g(k) = 53*k - 1. Let t be g(1). Suppose 5*b - 8 - t = 0. Calculate the remainder when b is divided by 4/22 - (-774)/(-99)*-1.
4
Suppose -3*f + 4 = -59. Calculate the remainder when f is divided by 9.
3
Suppose 2*z = -0*h - 2*h + 148, -163 = -2*z + 3*h. Suppose 5*c + 2*q - z = 0, q = -3*c - 3*q + 49. Calculate the remainder when 42 is divided by c.
12
Suppose -4 = 2*w, 3*v + 44 = -0*w - 4*w. Let s be v/10*25/(-5). What is the remainder when 19 is divided by (4/s)/((-22)/(-231))?
5
Let a = 31 - -21. Suppose 3*p = 50 + a. What is the remainder when 2 + (p - 4/2) is divided by 9?
7
Let f = 740 + -539. What is the remainder when f is divided by 29?
27
Let b = -1814 - -1936. What is the remainder when 341 is divided by b?
97
Let c(j) = j**2 + 3*j - 10. Let w be c(-5). Suppose d - 106 + 1 = w. Calculate the remainder when d is divided by 27.
24
Suppose 5*v + 3*d = 139, -4*v + 62 = d - 52. Suppose 4*p + 12 = 6*p. What is the remainder when v is divided by p?
5
Suppose -21*t - 175 = -784. Calculate the remainder when 6/4 + (-1191)/(-6) is divided by t.
26
Let n(p) = 2*p**2 + 7*p - 26. Calculate the remainder when 180 is divided by n(-8).
42
Suppose 0 = 32*q - 9483 + 2155. What is the remainder when q is divided by 10?
9
Let y(s) = -13*s - 28. Let w(x) = 9*x + 19. Let d(t) = -8*w(t) - 5*y(t). What is the remainder when d(-8) is divided by 2/(6*3/216)?
20
Let w = 7 - -3. Let n = -1047 + 1050. Calculate the remainder when w is divided by n.
1
Suppose 2*h = 2*n - 198, -5*n + 455 = 3*h - 0*h. Calculate the remainder when n is divided by (32/3)/(1/3).
30
Suppose -8*g + 156 = -4*g. Suppose 8*n - 5*n = g. What is the remainder when 34 is divided by n?
8
Suppose k - 223 + 23 = -5*m, -8*m + 4*k = -292. Calculate the remainder when m is divided by (28/(-6))/(3/(-9)).
11
Suppose -8*i + 7 = -4*i + 5*c, 2*i = -5*c + 1. Let n(u) = -2*u**2 + 9*u**2 - 3*u**3 - u**i + 5*u**3 + u. What is the remainder when n(-5) is divided by 12?
9
Let w(r) = r**2 - 11*r + 26. Let z be w(8). Suppose -5*n + 144 = 3*j + 9, 3*n - z*j - 62 = 0. Calculate the remainder when 165 is divided by n.
21
Suppose -5 = c - 16. Suppose -9*s + 180 = c*s. What is the remainder when s is divided by 6?
3
Suppose -l + 4*d + 235 = 0, 4*d + 702 + 521 = 5*l. What is the remainder when l is divided by 10?
7
Suppose -57 = -0*h - 3*h. Suppose -327*m + 321*m + 210 = 0. Calculate the remainder when m is divided by h.
16
Suppose -24*y - 243 = -1275. What is the remainder when 120 is divided by y?
34
Let m(p) = -p**2 - 17*p - 55. What is the remainder when m(-9) is divided by 7?
3
What is the remainder when (-84)/126*129/(-2) is divided by 35?
8
Suppose 27*j - 5460 = 15*j. Suppose j = -5*s + 12*s. Calculate the remainder when s is divided by 17.
14
Suppose 0*i - l = -i + 5, -5*i + 3*l = -23. Let t(c) = 9*c**2 - 2*c - 1. Let k = -34 + 33. What is the remainder when t(k) is divided by i?
2
Let m(r) = -r**3 + 10*r**2 + 7*r - 10. Let w be m(10). Let x(t) = 4*t + 7. Let j be x(-1). Suppose w = j*z + z. What is the remainder when 28 is divided by z?
13
Let o(v) = -2*v + 16. Let z be o(10). What is the remainder when 16 is divided by -1 + (0 + 12/z)*-1?
0
Let m(p) be the third derivative of -p**6/120 + 11*p**5/60 - p**4/3 - 5*p**3/6 - 3*p**2. Let d = -1 + 30. Calculate the remainder when d is divided by m(10).
14
Let n(c) = 6*c**2 - 33*c - 39. Calculate the remainder when n(19) is divided by 47.
43
Suppose -11*k + 3*q - 60 = -16*k, -k + 12 = q. Suppose -59 = 5*n - 214. What is the remainder when n is divided by k?
7
Suppose -p + 34 = -43. Suppose p = -11*b + 594. Calculate the remainder when b is divided by 16.
15
Suppose -2*c + n = 5*n - 30, 0 = 2*c + 5*n - 29. Suppose 0 = -2*s + 4*i + 108 + 32, 3*s + 3*i - 183 = 0. Calculate the remainder when s is divided by c.
13
Let k(v) = -3*v**2 + 5*v**2 + 1 - 3*v - 4*v. Let b(w) = -w**3 - 6*w**2 - 7*w - 5. Let p be b(-5). What is the remainder when 29 is divided by k(p)?
13
Suppose 291 + 204 = 33*p. Suppose -5*w = -4*v - w + 140, -145 = -3*v - 5*w. What is the remainder when v is divided by p?
10
Let x(y) = 7*y + 14. Calculate the remainder when x(3) is divided by 16.
3
Suppose -5*v + 26*v - 2583 = 0. What is the remainder when v is divided by 31?
30
Let v(i) = -2*i + 2. Let z(n) = -60*n - 2. Let c(t) = -t**2 - 20*t - 1. Let r be c(-20). What is the remainder when z(r) is divided by v(-5)?
10
Let u = 489 + -333. Suppose u = 5*a + 4*v, a + 20 = 2*a - 2*v. Calculate the remainder when 111 is divided by a.
27
Let b(q) = 4*q**2 - 3*q. Let g(t) = t**3 - 12*t**2 - 2*t + 3. Let l be g(12). Let k = l - -39. Calculate the remainder when k is divided by b(2).
8
What is the remainder when (42/(-3))/((-306)/(-62) - 5) is divided by 38?
27
Let r be ((-12)/(-42))/(2/28). Suppose r*h + u - 9 = 0, 7*h + u = 2*h + 12. Suppose h*c + 2*c = 60. Calculate the remainder when 23 is divided by c.
11
Let y = -67 + 72. Suppose 15 = -k - 0*k. Calculate the remainder when 35 is divided by y/(100/(-12))*k.
8
Let m(x) = -x**3 - 4*x**2 - 2*x - 1. Let k(n) = 3*n**3 + 7*n**2 + 3*n + 2. Let g(f) = -2*k(f) - 5*m(f). Calculate the remainder when g(4) is divided by 25.
24
Suppose -f - 434 = -3*q, -2*q + 2*f + 0*f + 292 = 0. Suppose -2*h = h - q. What is the remainder when h is divided by 17?
14
Let g(z) = 51*z - 292. What is the remainder when 70 is divided by g(7)?
5
Let r(p) = p**2 + 4*p + 5. Let f be r(-3). Suppose 0 = -o - 4*s + 23 + 41, -f*s - 40 = -o. What is the remainder when o is divided by 14?
6
Suppose 5*z = 2*m + 5, -5*z = -6*z + 3. Suppose -224 + 84 = -m*w. What is the remainder when w is divided by 8?
4
Let r(c) = 2*c**2 - 2. Let d be r(2). Suppose d*t = t + 145. Calculate the remainder when t is divided by -2*(-1 + -1 - 2).
5
Suppose 4*f - 3*f - 28 = -5*t, 3*t - 250 = -5*f. What is the remainder when f is divided by 8?
5
Let c(j) = 2*j + 3*j**2 + 5 + 0 - 10 - 10. What is the remainder when c(-7) is divided by 24?
22
Suppose -3*l = -6, 44*j + 5*l = 46*j - 772. Calculate the remainder when j is divided by 99.
94
Suppose s + 3*x = 2*s - 11, 0 = 2*s + 4*x + 8. Suppose 0*h - s*h = -164. What is the remainder when h is divided by (9 + (-42)/4)*(-13 - 1)?
19
Suppose 364 + 356 = 15*m. What is the remainder when m is divided by 2?
0
Let u be 1/(2*4/(-32)). Calculate the remainder when 141 is divided by (-24)/(-16) + (-186)/u.
45
What is the remainder when 179 is divided by (-67)/(-2)*(-24)/(-12)?
45
Suppose 0 = -3*s + 5*n + 39, -6*s - 3*n = -2*s - 23. Let r(c) = c**3 + 10*c**2 - 7*c - 6*c - 6 + c. What is the remainder when s is divided by r(-11)?
3
Calculate the remainder when 21 is divided by 260/16 + 11/(-44).
5
Let p(z) = z**2 - 9*z + 13. Let g be p(11). Suppose 37 = 4*v - g. Suppose -k = -0*k - 70. What is the remainder when k is divided by v?
16
Let b be ((-8)/10)/(((-2)/5)/1). Calculate the remainder when 1/((-14)/(-228)) + b/(-7) is divided by 10.
6
What is the remainder when (-1 + 11)/(30/(-405)*-3) is divided by 32?
13
Let y = 92 - 75. What is the remainder when 112 is divided by y?
10
Suppose 2*d - m - 10 = 0, -d - 4*d = -2*m - 27. Suppose 4*c - 2*c - 5*n - 4 = 0, -c + 2 = -3*n. Calculate the remainder when d is divided by (-3)/6*-5*c.
2
Let a = 258 - 228. What is the remainder when 209 is divided by a?
29
Let p = -61 + 155. Calculate the remainder when p is divided by 35.
24
Let b(u) = 70*u + 632. What is the remainder when b(-6) is divided by 69?
5
Suppose 4*c - 1 = -3*v, 14 = 5*v - 3*c - 7. Suppose v*o + 3*l = o + 49, -4*l = 2*o - 48. Let r = o - 17. What is the remainder when 25 is divided by r?
7
Let w = 67 - 62. Suppose -5*c + 7*y = 2*y - 760, -c - w*y = -152. Calculate the remainder when c is divided by 17.
16
Let b = -44 + 49. Suppose -3*h - b*o - 3 + 39 = 0, 2*h - 24 = 2*o. Calculate the remainder when 93 is divided by h.
9
Suppose 2 + 2 = u, q = u. Let d be q/8*0 - 54. Let c = 92 + d. What is the remainder when 189 is d